0*x**5 + 1/12*x**4. Determine s(-2).
16
Let b(y) = 2*y**2 + 22*y - 9. Let i be 176/(-14) - (-44)/77. Calculate b(i).
15
Let x(u) = u + 3. Suppose 0 = -7*j + j - 360. Let c = -64 - j. Give x(c).
-1
Let i = -2 - -7. Let t(l) = l - 3. Let y(o) = -o + 4. Let u(s) = 5*t(s) + 3*y(s). What is u(i)?
7
Let u(s) = -4*s**3 + 2*s + 1. Let k(g) = -g**3 + 67*g**2 - 12*g + 803. Let j be k(67). Calculate u(j).
3
Let k be 2*-1*(1 - 2/(-4)). Let x(t) = t**3 + 8*t**2 + 4*t + 3. Calculate x(k).
36
Let z(g) = g**2 + 5*g + 3. Let y be z(-5). Let x(k) = 0*k - 4*k + 2*k + y*k - 1. Let u = 9 - 9. Determine x(u).
-1
Let q = -10 + 12. Let i(w) = 0*w**q + 27 + 7*w + w - 21 + w**2. What is i(-7)?
-1
Let q(m) = -7*m + 2. Let d(i) = 3*i - 1. Let r(y) = -4*d(y) - q(y). Give r(1).
-3
Let p(m) be the second derivative of m**5/20 - m**4/4 - m**3 + m**2/2 + m + 15. Calculate p(4).
-7
Suppose -13*n + 18*n = -10. Let h(j) = 2 + 14*j - 28*j + 13*j. Calculate h(n).
4
Suppose 9 = -2*q - l, -2*q - 6 = -3*l - 1. Let x = q + -2. Let y(v) = -7 + 0*v - v + v - 4*v + 3*v. Determine y(x).
-1
Suppose 4*j + 3 = 7. Let k(t) = -j + 39*t**3 - 41*t**3 - 5*t + 2*t - 3*t**2. Give k(-2).
9
Let v(s) = 24*s**3 + s. Let x(t) = -t**2 + 15*t - 49. Let u be x(5). Determine v(u).
25
Let n = -1166 + 1157. Let g(d) = d**3 + 8*d**2 - 4*d + 7. Determine g(n).
-38
Let o(x) be the third derivative of x**6/120 + 7*x**5/60 + 7*x**4/24 - 11*x**3/6 - 46*x**2 + 7. Determine o(-5).
4
Suppose 11*v + 56 = 3*v. Let m(j) be the first derivative of j**3/3 + 7*j**2/2 - 8*j - 3. Determine m(v).
-8
Let g(r) = 22 + 7*r**2 - 15*r + 6*r**2 + 6*r**2 - 29*r**2 + 9*r**2. Give g(-15).
22
Let p(j) = j**3 - 2*j**2 + 3*j + 3. Let d be (-15)/210 - 54/28. Give p(d).
-19
Let w(d) = -d**2 + 11*d - 13. Let i be ((-16)/(-10))/(2/5). Suppose -2*a + 6*a + 3 = -h, -i*h = -2*a - 42. Determine w(h).
5
Let a(h) = 42*h + 6. Let q(g) = 8*g + 1. Let n(d) = -2*a(d) + 11*q(d). What is n(-2)?
-9
Let j(r) = r - 1. Let s(p) = p + 6. Let t(n) = 2*j(n) + s(n). Let w(z) = -2*z - 2. Let l(b) = -4*t(b) - 7*w(b). What is l(-4)?
-10
Let d be (-5)/(-2)*(-12)/(-15). Suppose j = -4*u + 21, -d*u - j = -u - 6. Suppose u*v - 11 = 14. Let m(g) = g**2 - 7*g + 5. Calculate m(v).
-5
Let k = -28 + 105. Let h = k + -75. Let a(u) = -3*u + 5. What is a(h)?
-1
Let a(h) = -7*h + 10*h**2 - h**2 + 0*h + 6*h**2 - 3 - 684*h**3 + 682*h**3. Calculate a(7).
-3
Let q(r) = -r**3 + r - 1. Let j(g) = 0*g**3 + 2 + g**3 - 2*g + 2*g**3 + g**2. Let s = -10 - -14. Let h(i) = s*q(i) + j(i). Calculate h(2).
-2
Let z(w) be the third derivative of w**6/120 + w**5/15 - w**4/8 - 5*w**3/6 - 401*w**2 - w. Let l(o) = o**2 + o - 5. Let x be l(0). What is z(x)?
-15
Let x(q) = -12*q + 13. Let b be x(3). Let z = 26 + b. Let v(u) be the third derivative of -u**5/60 + u**4/12 - 2*u**3/3 - u**2. Calculate v(z).
-7
Let v = 37 + -42. Let g(y) = y**3 + 7*y**2 + 10*y + 6. Let d be g(v). Let a(j) = -d*j + 2 + 4*j + 2 + 3*j. What is a(-4)?
0
Let y = -15 - -24. Let b = -5 + y. Let f(m) = m**3 - 7*m**2 - 4*m - 3. Let c(i) = 3*i**3 - 20*i**2 - 11*i - 7. Let o(k) = -3*c(k) + 8*f(k). What is o(b)?
1
Suppose 17*n + 57 = 193. Let t(l) = 3*l - 12. What is t(n)?
12
Let c(s) = 4*s + 13. Let y(u) = -3*u - 11. Let q(l) = 2*c(l) + 3*y(l). Let p = 13 + 8. Let i = 15 - p. Determine q(i).
-1
Let h(i) = 8*i. Let b be ((-6)/28 + 20/(-70))*0. Let a be (-3 - 1)*(-1 + 0). Suppose -3*x + 1 - a = b. Determine h(x).
-8
Let r(z) = -10 - 7 - 75*z + 61*z - z**2. Determine r(-12).
7
Let h(o) = -o. Let w(i) = 8*i + 1. Let m(s) = -51*h(s) - 6*w(s). Let x be m(4). Let t(q) be the first derivative of -q**2/2 - q - 4. What is t(x)?
-7
Let k be (-2 + 1)*6*-1. Let p = 11 - 5. Let w(o) = p*o**2 - 4*o**3 + 3*o**3 - 3*o + 5*o - 8. Calculate w(k).
4
Suppose 0*n + 3*n - 6 = 0. Let t(h) = 0*h - h + 6*h + 0*h - 1 + h**n. Calculate t(-6).
5
Let j(b) = 4*b + 7. Let a(q) = 9*q + 14. Suppose -2*s + 5 + 1 = 0. Suppose h - 2*p = 0, -2*h + s = -2*p - 3. Let i(y) = h*a(y) - 13*j(y). What is i(5)?
3
Let u(n) be the first derivative of n**4/24 - n**3/6 - 29*n**2/2 - 25. Let d(w) be the second derivative of u(w). What is d(-7)?
-8
Let u(h) = -h**2 + 2*h + 1. Let z be u(2). Let r(w) = z - w + 2 + w**2 - 7 + 0*w. Give r(3).
2
Suppose 0 = 7*i - 2*i + 35. Let p(h) = -5*h + 3. What is p(i)?
38
Let z(h) = -4 - 6*h + 0 + 4*h + h. Let c(f) = f**3 - 10*f**2 + 8*f + 11. Let j be c(9). Let l be 1 - (j + -4 - -6). Determine z(l).
-1
Let n(v) = -v**3 - v - 11. Let l(u) = 6*u + 66. Let b(p) = 13*p + 2. Let s be b(-1). Let m be l(s). Give n(m).
-11
Let j(l) = -7*l**2 - 3*l**2 - 5*l**2 + l**3 + 92 - 75 + 16*l - 46. What is j(14)?
-1
Let d(v) = -v**3 - v**2 - 2*v - 3. Let y be d(-2). Let t(p) = p**3 - 7*p - 2 + p + y*p. Determine t(2).
4
Let b(t) = t**2 - t - 13. Let p be ((-8)/(-12))/(1/3). Suppose 0 = 3*d - 2*s - p - 4, 0 = -2*d + 3*s + 9. What is b(d)?
-13
Let d(a) = -3*a - 1. Let j(k) be the second derivative of k**5/20 - 7*k**4/12 + 2*k**3/3 + 9*k**2/2 + 2*k. Let o be j(6). Determine d(o).
8
Let x(i) = 3*i**2 - 3*i + 13. Let w(q) = -q**2 - q - 1. Let l(f) = -4*w(f) - x(f). Let j(d) = -d**2 + 12*d + 37. Let m be j(-3). Determine l(m).
-1
Let n(c) = -c**3 + 6*c**2 - c - 4. Let l be n(2). Let q = l - 8. Let p(k) = -k + 3. Give p(q).
1
Suppose -3*b + 3*t - t + 19 = 0, 4*b - 4*t = 28. Let g(p) = -p**3 + 5*p**2 - p - 1. Let y be g(b). Let r(w) = -w**3 - 6*w**2 + w - 1. Determine r(y).
-7
Let y = 8 - 2. Let d(w) be the first derivative of -w**3/3 + 3*w**2 + 6*w + 7. Determine d(y).
6
Let w(s) be the third derivative of s**4/12 - s**3/3 + 10*s**2. Let n(b) = b - 1. Let l(j) = 3*n(j) - w(j). What is l(-1)?
-2
Let h(f) = -f**2 + 5*f + 7. Let t = 111 - 75. Suppose -11 = -3*p + 4, -3*d - t = -3*p. Let m = d + 12. Calculate h(m).
7
Let m(d) = -d - 4 + 10 - d**2 + 2*d. Suppose 0 = 30*u + 8 - 158. What is m(u)?
-14
Let v be 30/(-4) + -6*(-4)/48. Let b(k) = k**3 + 8*k**2 + 7*k - 2. Calculate b(v).
-2
Let b(t) = 4*t - 5. Let z be 6/18 + 8/3. Let k(y) = 5*y - 6. Let h(j) = z*b(j) - 2*k(j). Give h(4).
5
Let a = 8 + -6. Let s(t) be the third derivative of 0*t - 1/30*t**5 + 0 - 1/3*t**3 + 1/60*t**6 + t**2 + 0*t**4. What is s(a)?
6
Suppose 11*d = 13*d - 4, 0 = u - 4*d + 5. Let t(o) be the first derivative of -3 + 1/2*o**2 + u*o. What is t(0)?
3
Let z(p) = -5 - 143*p - 2 + 0 + 145*p. Calculate z(5).
3
Suppose -5*y = -4*n - 17, 0*y + 11 = 2*y - 3*n. Let k(r) = 9*r**2 - 2*r + 1. Determine k(y).
8
Let x(u) = -40 - 52 + 7*u + 94. What is x(3)?
23
Let h(c) be the first derivative of -c**7/840 - c**6/90 + c**5/60 - c**4/8 + c**3 - 6. Let n(x) be the third derivative of h(x). Let d = 7 + -12. Give n(d).
12
Let k(b) = -7*b**2 - b. Let t(l) = -2*l + 13. Let i be t(5). Let f be i + (-1)/(3/12). Calculate k(f).
-6
Let p = 30 - 30. Let n(z) = p - 2 - 7 - 2*z. What is n(-6)?
3
Suppose 0 = -2*j - m - 29, 3*m - 2*m + 5 = 0. Let q(u) = u**2 + 12*u - 3. Let o be q(j). Let k(d) = 3 - 3*d + 2*d**2 + 3*d**2 - 6*d**2. Give k(o).
3
Let a(z) = -z. Let x be a(5). Let d = -18 + 16. Let y(f) = -f**3 - 3*f**2 - 4*f - 2. Let n(b) = b**2 - b - 1. Let m(c) = d*n(c) + y(c). What is m(x)?
10
Let b be (45/(-405))/(2/(-198)) - 8. Let z(d) = -2*d**2 + d + d**2 + 1 - 2. What is z(b)?
-7
Let r(d) = d**3 + 2*d**2 - 3*d + 2. Let j be r(-3). Suppose -y + 4 = y. Let p(x) = -1 + y - j - x + 2*x + x**2. Calculate p(1).
1
Suppose -c - q = -7 - 0, -2*c = -4*q - 2. Let f(g) = -c*g - 2*g + 7*g + g**3 - 1 - 3*g. Give f(-2).
-3
Let y(s) = -s**2 + 10*s + 13. Let z be 17 - 16/4 - 2. Determine y(z).
2
Let l(r) = -r**2 + 3*r + 5. Let q(y) = y**3 - 2*y**2 - y + 1. Let i(o) = l(o) - 2*q(o). Give i(4).
-57
Let i(u) = 9*u**3 + 17*u**2 - 8. Let w(j) = -11*j**3 - 19*j**2 - j + 9. Let d(n) = -6*i(n) - 5*w(n). Suppose 0*k - 2*k = -12. Give d(k).
-3
Let l(z) = 6*z - 9*z**3 + 146 + 8*z**3 - 6*z**2 - 145. Give l(-7).
8
Let o(p) = 2*p + 12. Let r(w) = -2*w - 14. Let l(v) = 5*o(v) + 4*r(v). Give l(-7).
-10
Let o(h) = -h**2 + 11*h - 9. Let x(y) = y - 15. Let v be x(26). Determine o(v).
-9
Let j = 7 + -3. Let x(n) be the first derivative of n**2 - n + 235. Give x(j).
7
Let b(z) = 2 + 3176*z - 3170*z - 4. Calculate b(1).
4
Let q(y) = -4*y**2 + y - 113*y**3 + 111*y**3 + y**2 + 4*y**2 + 3. What is q(2)?
-7
Let r(l) = -2*l**2 - 2*l - 1. Suppose -4*n = 5*s + 3, 16*n +